52902823?
9
What is the tens digit of 450636149?
4
What is the millions digit of 2568747008?
8
What is the ten thousands digit of 2422011808?
1
What is the millions digit of 6359853548?
9
What is the tens digit of 905100499?
9
What is the hundreds digit of 1991093965?
9
What is the thousands digit of 595879402?
9
What is the tens digit of 7446645?
4
What is the ten thousands digit of 23687678?
8
What is the thousands digit of 402662545?
2
What is the ten thousands digit of 348641774?
4
What is the ten millions digit of 229649606?
2
What is the hundreds digit of 1533616891?
8
What is the units digit of 1845988712?
2
What is the ten thousands digit of 9650395?
5
What is the thousands digit of 21056559?
6
What is the tens digit of 1275240?
4
What is the ten millions digit of 2462582555?
6
What is the hundred millions digit of 168943903?
1
What is the hundred thousands digit of 1587119173?
1
What is the units digit of 103726525?
5
What is the thousands digit of 157242657?
2
What is the hundreds digit of 4793022425?
4
What is the tens digit of 68867022?
2
What is the hundreds digit of 477283603?
6
What is the hundreds digit of 60866657?
6
What is the units digit of 29620295?
5
What is the tens digit of 153733109?
0
What is the tens digit of 3070529660?
6
What is the ten millions digit of 26338421?
2
What is the units digit of 224569925?
5
What is the tens digit of 246536491?
9
What is the millions digit of 83510039?
3
What is the thousands digit of 52168332?
8
What is the hundreds digit of 149682043?
0
What is the thousands digit of 6951197?
1
What is the hundreds digit of 457663905?
9
What is the hundred thousands digit of 220025982?
0
What is the ten thousands digit of 55557385?
5
What is the ten thousands digit of 49214684?
1
What is the hundred millions digit of 181010371?
1
What is the ten thousands digit of 197835542?
3
What is the millions digit of 263978997?
3
What is the hundred thousands digit of 125533508?
5
What is the millions digit of 61569598?
1
What is the ten millions digit of 295983291?
9
What is the hundred millions digit of 8036744272?
0
What is the hundred millions digit of 590053142?
5
What is the ten thousands digit of 490475233?
7
What is the tens digit of 425264?
6
What is the hundreds digit of 17317440?
4
What is the thousands digit of 3286895391?
5
What is the tens digit of 12668603?
0
What is the ten thousands digit of 163364195?
6
What is the hundred millions digit of 138136019?
1
What is the ten thousands digit of 57331912?
3
What is the units digit of 213024173?
3
What is the millions digit of 1704019018?
4
What is the millions digit of 462548937?
2
What is the hundred thousands digit of 173096260?
0
What is the hundreds digit of 2829510738?
7
What is the thousands digit of 1123213020?
3
What is the hundred thousands digit of 312286998?
2
What is the hundreds digit of 1492042075?
0
What is the millions digit of 7903928082?
3
What is the hundreds digit of 5771603169?
1
What is the ten thousands digit of 13208035?
0
What is the ten thousands digit of 1442660436?
6
What is the ten thousands digit of 379021745?
2
What is the ten millions digit of 198396382?
9
What is the hundred thousands digit of 171554711?
5
What is the hundreds digit of 1528574662?
6
What is the thousands digit of 48476595?
6
What is the hundred millions digit of 214355110?
2
What is the tens digit of 182976647?
4
What is the millions digit of 18791326?
8
What is the thousands digit of 222053301?
3
What is the units digit of 4188928255?
5
What is the millions digit of 45966532?
5
What is the units digit of 133255836?
6
What is the units digit of 16651516?
6
What is the ten millions digit of 18380906?
1
What is the millions digit of 87746563?
7
What is the units digit of 265097807?
7
What is the hundred millions digit of 244607710?
2
What is the millions digit of 612699875?
2
What is the ten millions digit of 23965547?
2
What is the thousands digit of 14343365?
3
What is the ten millions digit of 526013492?
2
What is the hundred millions digit of 216581874?
2
What is the hundred millions digit of 772941641?
7
What is the hundred millions digit of 256026102?
2
What is the hundreds digit of 1233584457?
4
What is the hundred thousands digit of 42036842?
0
What is the units digit of 4052722938?
8
What is the hundred thousands digit of 75252615?
2
What is the ten thousands digit of 99366281?
6
What is the hundred millions digit of 277640024?
2
What is the units digit of 111617505?
5
What is the billions digit of 1343843095?
1
What is the hundred millions digit of 1120424124?
1
What is the tens digit of 1012076124?
2
What is the units digit of 638533264?
4
What is the millions digit of 5164493549?
4
What is the thousands digit of 26756746?
6
What is the hundred thousands digit of 63821680?
8
What is the thousands digit of 319056812?
6
What is the tens digit of 64408465?
6
What is the ten millions digit of 16443680?
1
What is the units digit of 6070931?
1
What is the ten millions digit of 200937812?
0
What is the ten thousands digit of 94199713?
9
What is the thousands digit of 972386363?
6
What is the units digit of 114565763?
3
What is the thousands digit of 1290920960?
0
What is the thousands digit of 4579528037?
8
What is the millions digit of 899013825?
9
What is the hundred thousands digit of 1334324827?
3
What is the ten thousands digit of 83502406?
0
What is the thousands digit of 348195590?
5
What is the ten millions digit of 354918401?
5
What is the millions digit of 133555105?
3
What is the hundreds digit of 1114538916?
9
What is the millions digit of 66785921?
6
What is the units digit of 255268034?
4
What is the units digit of 23784772?
2
What is the millions digit of 42824234?
2
What is the hundreds digit of 54689506?
5
What is the thousands digit of 64581375?
1
What is the millions digit of 721121942?
1
What is the ten thousands digit of 1994539944?
3
What is the ten thousands digit of 38873118?
7
What is the thousands digit of 993863212?
3
What is the millions digit of 425381757?
5
What is the millions digit of 27414524?
7
What is the ten millions digit of 198641947?
9
What is the hundred thousands digit of 4879774112?
7
What is the thousands digit of 139395396?
5
What is the hundreds digit of 2657833238?
2
What is the millions digit of 1930829562?
0
What is the ten thousands digit of 216469987?
6
What is the ten millions digit of 6175465694?
7
What is the tens digit of 220093233?
3
What is the ten millions digit of 115476105?
1
What is the hundred thousands digit of 1690890448?
8
What is the ten millions digit of 78237037?
7
What is the ten millions digit of 44363441?
4
What is the units digit of 177027002?
2
What is the tens digit of 1001317589?
8
What is the hundred millions digit of 117194941?
1
What is the ten millions digit of 43426913?
4
What is the units digit of 138583735?
5
What is the millions digit of 596583227?
6
What is the hundreds digit of 47437085?
0
What is the hundred thousands digit of 74051826?
0
What is the ten thousands digit of 369256453?
5
What is the units digit of 1263070195?
5
What is the ten millions digit of 40675334?
4
What is the ten millions digit of 23115707?
2
What is the millions digit of 166279743?
6
What is the ten thousands digit of 228348871?
4
What is the tens digit of 30764629?
2
What is the hundred thousands digit of 83646254?
6
What is the tens digit of 39677699?
9
What is the ten millions digit of 179975790?
7
What is the tens digit of 25224816?
1
What is the tens digit of 593835009?
0
What is the units digit of 1163725866?
6
What is the billions digit of 4495801548?
4
What is the thousands digit of 88402821?
2
What is the ten millions digit of 4718801721?
1
What is the tens digit of 66798430?
3
What is the ten millions digit of 219641021?
1
What is the tens digit of 123744047?
4
What is the ten thousands digit of 1213644524?
4
What is the ten thousands digit of 25166549?
6
What is the hundred millions digit of 175227623?
1
What is the ten thousands digit of 313935207?
3
What is the ten thousands digit of 2781771?
8
What is the millions digit of 140786433?
0
What is the tens digit of 11431791?
9
What is the ten thousands digit of 37405161?
0
What is the ten millions digit of 552742219?
5
What is